et g(u) be the third derivative of -u**6/120 + u**5/60 - u**4/24 + u**3 + u**2 - 20*u. Suppose -2*b - 3*b - 55 = 0. Let i = 11 + b. Give g(i).
6
Let h(z) = 7*z**3 - 7*z**2 - 10*z + 16. Let f(b) = 15*b**3 - 14*b**2 - 20*b + 36. Let a(i) = -6*f(i) + 13*h(i). Determine a(8).
-24
Let n(w) be the first derivative of -w**3/3 + 12*w**2 - 42*w - 761. Give n(23).
-19
Let m(n) be the first derivative of -3*n**5/20 - n**3/6 - 47*n - 32. Let j(v) be the first derivative of m(v). Suppose 5 = -2*y - 3*y. Give j(y).
4
Let y(r) = r**3 + 5*r**2 + 5*r. Suppose -22 = -3*o + 5. Suppose 27*x - 36 = 39*x. Let z be o/x - 5/5. Give y(z).
-4
Let a = -563 - -550. Let h(x) = x**2 + 9*x - 48. Give h(a).
4
Let y(q) = 38*q + 295. Let n(s) = -13*s - 105. Let m(o) = 17*n(o) + 6*y(o). Give m(7).
34
Let a(g) = 895 + g + 943 + 0*g - 1787. Determine a(-24).
27
Let u(o) = -754*o**3 - 757*o**3 + 14*o - 11 - 755*o**3 + 2267*o**3 + 9*o**2. Give u(-7).
-11
Let i(x) = 72 + 60 + 74 + x**3 - 222 + 6*x**2 - 9*x + x. Calculate i(-7).
-9
Let p(n) = -11*n**2 + 32*n - 19. Let z(v) = -2*v**2 - 1. Let t(g) = -3*g**2 - 15*g + 5. Let l(d) = -t(d) + 4*z(d). Let x(i) = -9*l(i) + 4*p(i). Determine x(5).
-5
Let v be (-93)/(-12) - 1/(-4). Let k(t) be the third derivative of -1/60*t**5 + 0 + 125*t**2 + 7/24*t**4 + 0*t + 5/6*t**3. What is k(v)?
-3
Let o(r) = 25*r**2 - 41*r - 4. Let l(i) = -7*i**2 + 13*i + 1. Let v(u) = 7*l(u) + 2*o(u). Let q = 18 + -24. Determine v(q).
-19
Let b(l) = 65*l**2 + l**3 - 60*l**2 - 3617*l + 3627*l + 0*l**3 + 8. Calculate b(-3).
-4
Let n = 4500 - 4507. Let u(w) = 2*w**2 + 19*w + 48. Determine u(n).
13
Let g(q) be the third derivative of 5*q**4/24 + 7*q**3 + 2*q**2 - 623. Give g(-6).
12
Let m(l) = -2*l - 3*l**2 + 13 + 5*l + 4 - 16 + 2*l**2. Determine m(9).
-53
Let y = -236 + 239. Let s(i) = 133*i**2 - 141*i**2 + 1 - 8*i - 2*i**3 + i**y + 1. Calculate s(-7).
9
Let m = -160 - -166. Let j(d) = -10*d - 9. Let g(v) = -21*v - 18. Let y(s) = 62*s + 54. Let z(q) = 8*g(q) + 3*y(q). Let u(k) = 11*j(k) + 6*z(k). Determine u(m).
-3
Let m(j) = j**3 - 3*j**2 - 5*j + 3. Let i(c) = -c**2 + 9*c - 16. Let f be i(5). Suppose 2*a + f*p = -0*p - 2, 4*a + 4 = 3*p. Let o be 6/8*(-4)/a. What is m(o)?
-12
Let u(h) = h - 1. Let m(n) = 3*n**2 - 12*n + 10. Let l(v) = -4*v**2 + 7*v - 10. Let o(d) = 2*l(d) + 3*m(d). Let x be o(22). What is u(x)?
9
Suppose 1366 + 420 = 38*r. Let w(b) = -b**3 + 47*b**2 + b - 49. What is w(r)?
-2
Let v(d) be the third derivative of -1/10*d**5 + d**2 + 1/120*d**6 + 0*d + 1/6*d**3 - 1/3*d**4 + 12. Calculate v(7).
-6
Suppose 4*u - 117 = -2*w - 333, w = 4*u - 120. Let r be 94/16 + (-14)/w. Let j(y) be the first derivative of y**2/2 - y + 36. Give j(r).
5
Let t(l) be the first derivative of -19*l**2 + 23*l - 1339. Give t(1).
-15
Let t(k) = -770*k**2 - 761*k**2 - k**3 - 4*k - 5 + 1536*k**2. Let x = -24 - -28. Determine t(x).
-5
Let y(s) = -44*s - 169. Let x(k) = -33*k - 115. Let f(h) = 11*x(h) - 8*y(h). Give f(6).
21
Suppose 0 = -4*o + 12, -7 = -5*t - 5*o - 67. Let r = t - -21. Let l(u) = -u + 11. Determine l(r).
5
Let c(a) be the second derivative of a**4/12 - a**3/6 + 7*a + 10. Suppose 0 = -4*u - 0*u. What is c(u)?
0
Let l(p) = -p**2 - 6*p - 3. Suppose -10*x + 30*x + 49 = -31. What is l(x)?
5
Let c(b) = 12 + 1585*b - 6 + b**2 - 1573*b. Determine c(-11).
-5
Let z(k) = -39*k + 4303. Let g be z(110). Let u(f) = -2*f**2 + 39*f - 163. Give u(g).
6
Let d(x) be the second derivative of x**5/20 - x**4 - 11*x**3/6 + 64*x**2 + 5286*x. Give d(12).
-4
Let z(y) = y**3 + y + 2. Let u(x) = 4*x + 19. Let b(l) = 3. Let g(q) = -b(q) + u(q). Suppose 36 = -4*m + 3*c + 11, 5*m = -5*c - 5. Let j be g(m). Give z(j).
2
Let b(z) = z**2 + z - 28. Let y(x) = 2*x**2 + 91*x + 936. Let p be y(-30). Give b(p).
14
Let y(j) be the third derivative of j**5/60 - j**4/8 + j**3/6 + j**2. Suppose 38*p = 19*p + 81 - 43. What is y(p)?
-1
Let r(w) = 7*w + 388. Let z(p) = 4*p + 167. Let n(u) = -3*r(u) + 7*z(u). Suppose 0*h = -4*h + 20. Calculate n(h).
40
Let d = -33 + 35. Let t(r) = 2*r + 59 + 13*r**3 - 58 + 2*r**2 - r**d. Suppose -2*m = 2*f, -5*f - 2*m - 9 = -6*m. Determine t(f).
-13
Let b(k) be the first derivative of -k**5/40 + k**4/3 + 2*k**3/3 - 2*k**2 - 195. Let r(o) be the third derivative of b(o). Calculate r(6).
-10
Suppose 244 = 19*l + 73. Let v(j) = -4*j - 1 - j**2 - l + 3*j - 13. Calculate v(0).
-23
Let p(u) = -2*u + 2. Suppose z = 3*l - 37, 0*l - 79 = 3*z - l. Let q = 3 - z. Suppose -23*o = -q*o + 25. Calculate p(o).
-8
Let t(h) be the second derivative of -h**6/120 + 7*h**5/60 - 3*h**4/8 - h**3/3 + 42*h**2 - 151*h. Let w(l) be the first derivative of t(l). Determine w(5).
3
Let j(d) be the first derivative of d**3/3 - 5*d**2 + 6*d - 1161. Calculate j(8).
-10
Let w(f) be the second derivative of f**3/6 + f**2/2 + 15*f. Suppose 3*k - 4*k - 1 = 0, s + 4*k = -60. Let v be (2/(-7))/(4/s). What is w(v)?
5
Let c be -15*(-1 + (-2)/(-3)). Suppose -c*z = 4*f - 36, -2*z + 18 = 4*f - 2*f. Suppose 5 = -f*r + 4*r. Let b(w) = w. What is b(r)?
-1
Suppose g + 1661 = 4*u, -4*u - 4*g + 0*g + 1636 = 0. Let r = u - 414. Let p(i) = i**2 - 3*i - 8. Determine p(r).
-8
Let w be 8 + -16 + ((-192)/(-160) - 34/(-5)). Let s(g) = -5*g + 63. Give s(w).
63
Let a(z) = z**2 - z - 2 + 13 + 7*z - 4. Let n(x) = 3*x - 4. Let r be n(3). Suppose -r*q - 9 = 21. Give a(q).
7
Let r(w) = 17*w + 33 + 18*w + 10*w - 2*w**2 - 42*w. What is r(6)?
-21
Let x(z) = -48 - 2*z + 43 + 5. Suppose -a + 3*y + 47 = 3*a, -5*y - 25 = 0. Let u = a - 5. Calculate x(u).
-6
Let a be (12/7)/((-6)/(-21)). Let x = a + 2. Let n(q) = -x - 16 + 30 + 2*q - q**2. Calculate n(5).
-9
Let d(x) be the first derivative of -5*x**2/2 + 6*x - 2483. What is d(18)?
-84
Let a(w) = -13 - 10*w - 7*w**2 + 4 - 3*w**2 - w**3. Let f = -31 - -141. Let b = f - 119. What is a(b)?
0
Let m(t) = t + 20. Let z(a) = -2*a - 23. Let d be (-12*1 + 2)/(-2). Let i(h) = d*m(h) + 4*z(h). Give i(-8).
32
Let p(g) = 8*g**3 - 2*g - 1. Let s(o) = -47*o**3 - 14*o**2 - 62*o + 45. Let a(l) = -6*p(l) - s(l). What is a(18)?
-3
Let m(b) = -b**2 + b + 4. Let s(l) = -l. Let u(n) = -2*n + 1. Let w(t) = -24*s(t) - 3*u(t). Let f be w(-4). Let a = f - -127. What is m(a)?
-8
Let p(t) be the first derivative of -t**4/12 - 11*t**3/6 - 3*t**2/2 - 111*t - 57. Let y(s) be the first derivative of p(s). What is y(-9)?
15
Suppose -3*b - 5*b = -304. Let d = b + -134. Let k = d + 92. Let u(v) = v**3 + 4*v**2 - 2*v - 5. Give u(k).
3
Let j(g) be the second derivative of -g**5/20 + g**4/12 + 2*g**3 + 7*g**2/2 + 6005*g. What is j(-5)?
97
Let b(p) = -p**3 - 3*p**2 + 5*p - 6. Let w = 603 + -602. Let v be 2/(8/(-20))*w. What is b(v)?
19
Let h(d) = d**2 - 6*d + 1. Let y be h(6). Let g(n) = 13*n + 2. Give g(y).
15
Let i(m) = 3*m**3 + 2*m**2 - 2*m - 2. Let t be (-9)/(360/32)*(-10)/4. Suppose 13 = z - 5*c, 23 = -5*z - 5*c - t. Determine i(z).
-14
Let x(v) be the first derivative of -5*v**2 - 149*v - 689. Give x(-15).
1
Let z be -2 + -12 + (151 - 135). Let s(h) = 29*h - 62. Calculate s(z).
-4
Suppose 3*u + 8 = z + u, -5*u + 2 = 3*z. Suppose 3*l - 15 = w + 2*w, -z*w - 4 = 0. Let n(h) = -6*h**2 - h + 4*h**2 + 3*h**2 + 1 + l*h**2. What is n(1)?
5
Let y(b) = -19*b**2 + 17. Let h(a) = 56*a**2 - a - 47. Let m(o) = -6*h(o) - 17*y(o). What is m(2)?
-47
Let s(k) be the second derivative of -4*k - 1/2*k**3 + 0 - 4*k**2. Let q = -22 + 15. Calculate s(q).
13
Let n = -129 - -129. Suppose n = 6*l - 4*l + 2. Let c(a) be the second derivative of 11*a**3/6 + a**2/2 + a. What is c(l)?
-10
Let d = -303 + 309. Let t(j) = -j**2 + 22*j - 7*j + 84 - 14*j - d*j - 79. Suppose 29 = -4*y + 5. Give t(y).
-1
Let s(g) be the third derivative of g**4/8 - 13*g**3/6 + 41259*g**2. Suppose 3*r + 5*o + 2 = 7, 25 = 5*r + 5*o. Determine s(r).
17
Suppose -2*c + 28*t + 28 = 26*t, -7*c + t + 140 = 0. Let i(l) = 21*l - 447. Calculate i(c).
-6
Let q be 0/48 + 2/(-14) + (-44)/(-14). Let u(t) be the first derivative of t**2 - 14 + 5/4*t**4 + t + 2/3*t**q. Calculate u(-1).
-4
Let u(v) = -v**3 - 1. Suppose 0 = -57*g + 62*g + 25. Let r(s) = 6*s**3 - 5*s**2 + 5*s. Let l(c) = g*u(c) - r(c). Give l(5).
-20
Let f = -71 - -76. Let o(b) = 5*b**3 - 133*b**2 - 4*b**3 + 6*b + f + 140*b**2. Give o(-6).
5
Let b(m) be the first derivative of -m**5/20 - m**4/2 - m**3 + m**2/2 + 252*m - 75. Let v(i) be th